?
9
What is the greatest common factor of 1462227630 and 11540?
5770
Calculate the highest common factor of 800 and 15084.
4
What is the highest common factor of 1788584 and 84?
28
Calculate the highest common divisor of 3374322 and 294.
42
What is the highest common divisor of 182259896 and 2436?
812
Calculate the highest common divisor of 11 and 22676962.
11
What is the highest common factor of 4105855 and 105565?
215
What is the highest common divisor of 898125 and 1789375?
625
What is the highest common factor of 22737 and 91223?
11
Calculate the greatest common divisor of 4 and 163418692.
4
What is the greatest common factor of 11135556 and 16524?
324
What is the greatest common factor of 10 and 5471650?
10
What is the greatest common factor of 780 and 17630535?
195
Calculate the highest common factor of 887 and 157644736.
887
What is the greatest common divisor of 9 and 99245052?
9
Calculate the highest common divisor of 57260 and 2298380.
140
What is the highest common factor of 82655 and 1897?
271
Calculate the highest common factor of 59265981 and 5373.
1791
What is the greatest common divisor of 124223 and 3685?
11
What is the highest common factor of 1681733 and 2768?
173
Calculate the highest common factor of 5845 and 73402679.
1169
Calculate the greatest common divisor of 12033437 and 455.
13
What is the highest common factor of 20696 and 41184?
104
What is the greatest common factor of 11321075 and 8325?
925
Calculate the greatest common divisor of 2717 and 94111693.
247
What is the highest common factor of 50 and 870166600?
50
Calculate the greatest common factor of 24 and 812630568.
24
Calculate the greatest common factor of 6075869 and 55307.
7901
Calculate the greatest common factor of 27 and 33263271.
27
What is the greatest common factor of 11480 and 3349864?
2296
What is the highest common divisor of 21322500 and 5700?
300
What is the highest common factor of 616 and 17629766?
154
What is the highest common divisor of 480 and 6378630?
30
Calculate the highest common divisor of 3840 and 28757760.
3840
Calculate the highest common divisor of 6273540 and 273.
273
Calculate the greatest common factor of 103684 and 111916.
196
Calculate the highest common divisor of 5388832 and 7520.
1504
Calculate the highest common divisor of 1598282185 and 95.
95
What is the highest common factor of 3795 and 355718?
253
Calculate the highest common divisor of 972 and 171206298.
162
Calculate the highest common divisor of 1380 and 441585.
15
What is the greatest common factor of 530 and 1896340265?
265
What is the greatest common divisor of 2747290 and 115570?
910
Calculate the highest common factor of 2527 and 445515.
7
Calculate the highest common divisor of 351 and 20865.
39
What is the highest common factor of 1312021 and 1112?
139
What is the highest common divisor of 12939706 and 65?
13
What is the highest common divisor of 9514087 and 88?
11
Calculate the greatest common factor of 814230 and 115785.
3735
What is the highest common divisor of 351360 and 3968?
128
Calculate the highest common divisor of 232 and 11198680.
8
What is the highest common factor of 8370 and 564510?
930
What is the highest common divisor of 4496584 and 21808?
376
What is the greatest common divisor of 33954133 and 387?
43
Calculate the greatest common factor of 11186 and 346171.
119
Calculate the highest common divisor of 125380500 and 588.
84
Calculate the greatest common divisor of 14787 and 93704.
53
What is the greatest common factor of 2590 and 87445?
5
Calculate the highest common factor of 33041059 and 13665.
911
What is the greatest common factor of 10152516 and 1848?
132
What is the highest common divisor of 4448645 and 340?
85
Calculate the highest common divisor of 173817 and 145004763.
8277
Calculate the greatest common factor of 74 and 3303175.
37
What is the greatest common divisor of 500983 and 175?
7
What is the greatest common factor of 15472879 and 818?
409
Calculate the greatest common factor of 3475 and 75850910.
695
What is the greatest common divisor of 6025 and 9684585?
1205
What is the greatest common divisor of 21545 and 4773955?
695
What is the greatest common divisor of 2217 and 1123420410?
2217
Calculate the greatest common factor of 18264155 and 35.
35
What is the highest common divisor of 624 and 29447392?
208
Calculate the greatest common divisor of 279 and 92517144.
93
What is the highest common divisor of 1126230 and 21420?
210
Calculate the highest common divisor of 353308 and 16.
4
Calculate the highest common divisor of 342859 and 2138378.
781
What is the greatest common factor of 400795 and 781?
71
What is the greatest common divisor of 232656 and 123009?
393
What is the greatest common divisor of 981808 and 116?
4
What is the highest common factor of 1953 and 34643709?
279
Calculate the greatest common factor of 77003454 and 2524.
1262
What is the greatest common divisor of 75 and 10773775?
25
Calculate the greatest common divisor of 242 and 2830114375.
121
What is the greatest common factor of 1734658 and 31934006?
11642
Calculate the greatest common divisor of 51866123 and 29.
29
Calculate the greatest common divisor of 256533 and 260570.
367
Calculate the greatest common divisor of 6642 and 152834634.
2214
What is the highest common divisor of 521640 and 959560?
6440
What is the greatest common factor of 73584 and 60732?
252
Calculate the greatest common factor of 3545504 and 132512.
3232
Calculate the highest common divisor of 12460580 and 10260.
380
Calculate the highest common divisor of 586806 and 6528.
102
Calculate the highest common divisor of 31676112 and 13104.
1872
Calculate the greatest common divisor of 13035 and 266470160.
4345
What is the highest common divisor of 272406848 and 2944?
1472
What is the highest common divisor of 1098 and 8802666?
1098
What is the highest common factor of 1865 and 6019847?
373
What is the highest common divisor of 161123148 and 7092?
7092
Calculate the greatest common divisor of 562 and 1995441696.
562
Calculate the highest common factor of 214 and 266674.
2
Calculate the highest common divisor of 3428 and 1099531.
857
What is the greatest common factor of 5625 and 373500?
1125
What is the highest common divisor of 164 and 10503626?
82
What is the greatest common factor of 32683 and 63595?
161
What is the greatest common divisor of 581196 and 45696?
1428
What is the highest common divisor of 436250458 and 42?
14
Calculate the highest common divisor of 76234 and 8176502.
1622
Calculate the greatest common divisor of 1284 and 319003166.
214
Calculate the greatest common factor of 162 and 21640698.
18
Calculate the highest common divisor of 1150970 and 524470.
1790
Calculate the greatest common factor of 4758563 and 178.
89
What is the greatest common divisor of 115947116 and 48004?
4364
Calculate the greatest common factor of 11985 and 41705335.
85
What is the highest common divisor of 18370592 and 160?
32
What is the greatest common divisor of 2166029250 and 110?
110
Calculate the greatest common divisor of 25559 and 920543.
419
What is the greatest common divisor of 1435 and 1344931?
7
Calculate the highest common divisor of 394 and 38686269.
197
Calculate the greatest common factor of 13 and 36568168.
13
What is the greatest common divisor of 489347 and 2556938?
571
Calculate the greatest common divisor of 942 and 89970420.
942
Calculate the greatest common divisor of 7005756 and 912.
228
Calculate the greatest common factor of 2112 and 16162752.
192
What is the greatest common factor of 252 and 17639706?
42
What is the highest common factor of 121393 and 3262?
233
What is the highest common divisor of 2082582 and 7632?
954
What is the highest common divisor of 10974 and 2476590?
186
Calculate the greatest common divisor of 82401228 and 1260.
252
What is the greatest common factor of 2820 and 2047790?
470
What is the highest common divisor of 478660 and 2420?
20
Calculate the highest common factor of 120568 and 13720.
56
What is the greatest common factor of 2175 and 78451525?
725
Calculate the highest common divisor of 133008 and 350064.
816
Calculate the highest common divisor of 12886510 and 9555.
3185
Calculate the highest common factor of 3451 and 1324248779.
3451
Wh